{"id":2703,"date":"2023-05-30T07:15:40","date_gmt":"2023-05-30T07:15:40","guid":{"rendered":"http:\/\/ozanguneykula.com\/?page_id=2703"},"modified":"2024-05-02T08:31:07","modified_gmt":"2024-05-02T08:31:07","slug":"hizmetler","status":"publish","type":"page","link":"https:\/\/ozanguneykula.com\/?page_id=2703","title":{"rendered":"Hizmetler"},"content":{"rendered":"<div class=\"wp-block-image is-style-default\">\n<figure class=\"aligncenter size-large is-resized\"><img loading=\"lazy\" decoding=\"async\" width=\"1024\" height=\"404\" src=\"https:\/\/ozanguneykula.com\/wp-content\/uploads\/2023\/09\/sayfa-Gorseli-2222111-1024x404.png\" alt=\"\" class=\"wp-image-4115\" style=\"object-fit:cover;width:623px;height:247px\" srcset=\"https:\/\/ozanguneykula.com\/wp-content\/uploads\/2023\/09\/sayfa-Gorseli-2222111-1024x404.png 1024w, https:\/\/ozanguneykula.com\/wp-content\/uploads\/2023\/09\/sayfa-Gorseli-2222111-300x118.png 300w, https:\/\/ozanguneykula.com\/wp-content\/uploads\/2023\/09\/sayfa-Gorseli-2222111-768x303.png 768w, https:\/\/ozanguneykula.com\/wp-content\/uploads\/2023\/09\/sayfa-Gorseli-2222111-1536x606.png 1536w, https:\/\/ozanguneykula.com\/wp-content\/uploads\/2023\/09\/sayfa-Gorseli-2222111.png 1920w\" sizes=\"auto, (max-width: 1024px) 100vw, 1024px\" \/><\/figure>\n<\/div>\n\n\n<link href=\"https:\/\/cdn.jsdelivr.net\/npm\/bootstrap@5.3.1\/dist\/css\/bootstrap.min.css\" rel=\"stylesheet\" integrity=\"sha384-4bw+\/aepP\/YC94hEpVNVgiZdgIC5+VKNBQNGCHeKRQN+PtmoHDEXuppvnDJzQIu9\" crossorigin=\"anonymous\">\n<script src=\"https:\/\/cdn.jsdelivr.net\/npm\/bootstrap@5.3.1\/dist\/js\/bootstrap.bundle.min.js\" integrity=\"sha384-HwwvtgBNo3bZJJLYd8oVXjrBZt8cqVSpeBNS5n7C8IVInixGAoxmnlMuBnhbgrkm\" crossorigin=\"anonymous\"><\/script>\n\n<!-- fontawesome -->\n    <script src=\"https:\/\/kit.fontawesome.com\/387fd27667.js\"><\/script>\n    <!-- \/fontawesome -->\n\n\n  <!-- Google Fonts -->\n  <link href=\"https:\/\/fonts.googleapis.com\/css?family=Open+Sans:300,400,400i,600,700|Raleway:300,400,400i,500,500i,700,800,900\" rel=\"stylesheet\">\n\n    <!-- ======= Services Section ======= -->\n    <div id=\"services\" class=\"services-area area-padding\">\n      <div class=\"container\">\n        <div class=\"row\">\n          <div class=\"col-md-12 col-sm-12 col-xs-12\">\n            <div class=\"section-headline services-head text-center\">\n              \n            <\/div>\n          <\/div>\n        <\/div>\n        <div class=\"row text-center\">\n          <!-- Start Left services -->\n          <div class=\"col-md-4 col-sm-4 col-xs-12\">\n            <div class=\"about-move\">\n              <div class=\"services-details\">\n                <div class=\"single-services\">\n                  <span class=\"services-icon\" href=\"#\">\n                    <i class=\"fas fa-check-circle\" aria-hidden=\"true\"><\/i>\n                  <\/span>\n                  <h4>SOSYAL MEDYADA YER\u0130N\u0130Z\u0130 ALIN<\/h4>\n                  <p>\n                 \u00dcr\u00fcnlerinizi Geni\u015f Kitlelere Duyurun\n                 <\/p>\n                <\/div>\n              <\/div>\n              <!-- end about-details -->\n            <\/div>\n          <\/div>\n          <div class=\"col-md-4 col-sm-4 col-xs-12\">\n            <div class=\"about-move\">\n              <div class=\"services-details\">\n                <div class=\"single-services\">\n                  <span class=\"services-icon\" href=\"#\">\n                    <i class=\"fa fa-globe\" aria-hidden=\"true\"><\/i>\n                  <\/span>\n                  <h4>\u0130\u015eLETMEN\u0130Z\u0130N WEB S\u0130TES\u0130 OLSUN\n<\/h4>\n                  <p>\n                    \u00c7a\u011f\u0131n Gerisinde Kalmay\u0131n\n                  <\/p>\n                <\/div>\n              <\/div>\n              <!-- end about-details -->\n            <\/div>\n          <\/div>\n         \n          <!-- End Left services -->\n          <div class=\"col-md-4 col-sm-4 col-xs-12\">\n            <!-- end col-md-4 -->\n            <div class=\" about-move\">\n              <div class=\"services-details\">\n                <div class=\"single-services\">\n                  <span class=\"services-icon\" href=\"#\">\n\n                    <i class=\"fa fa-copyright\" aria-hidden=\"true\"><\/i>\n                  <\/span>\n                  <h4>KURUMSAL K\u0130ML\u0130\u011e\u0130N\u0130Z VE LOGONUZLA<\/h4>\n                  <p>\n                    Ak\u0131lda Kal\u0131c\u0131 Olun\n \n                  <\/p>\n                <\/div>\n              <\/div>\n              <!-- end about-details -->\n            <\/div>\n          <\/div>\n        <\/div>\n      <\/div>\n    <\/div><!-- End Services Section -->\n\n<!-- \n\n<link href=\"https:\/\/cdn.jsdelivr.net\/npm\/bootstrap@5.2.3\/dist\/css\/bootstrap.min.css\" rel=\"stylesheet\" integrity=\"sha384-rbsA2VBKQhggwzxH7pPCaAqO46MgnOM80zW1RWuH61DGLwZJEdK2Kadq2F9CUG65\" crossorigin=\"anonymous\">\n\n--!>\n\n\n\n<div class=\"wp-block-columns is-layout-flex wp-container-core-columns-is-layout-9d6595d7 wp-block-columns-is-layout-flex\">\n<div class=\"wp-block-column is-layout-flow wp-block-column-is-layout-flow\">\n<div id=\"about-style\" class=\"about-style2\">\n\n\n\n<h3 style=\"color:darkorange; text-align:center;\"><strong> FREELANCE GRAF\u0130K TASARIM ANTALYA <\/strong><\/h3>\n<p style=\"font-size: 17px; line-height: 23px; text-align: left; display: block; margin-left: auto; margin-right: auto; width: 75%;\">Akdeniz \u00dcniversitesi \u0130leti\u015fim Fak\u00fcltesi mezunuyum. Grafik Tasar\u0131mc\u0131 olarak 2016 y\u0131l\u0131ndan bu yana \u00e7e\u015fitli firmalarda \u00e7al\u0131\u015ft\u0131m ve freelance olarak hizmet verdim. Aktif olarak web tasar\u0131m\u0131, grafik tasar\u0131m\u0131, sosyal medya ve vide kurgu konular\u0131nda hizmet veriyorum.<\/p>\n\n\n<\/div>\n<\/div>\n\n\n\n<div class=\"wp-block-column is-layout-flow wp-block-column-is-layout-flow\">\n<div id=\"about-style\" class=\"about-style2\">\n\n\n\n\n<p style=\"font-size: 17px; line-height: 23px;\"> Markan\u0131z\u0131n yeni kurulumu s\u0131ras\u0131nda veya marka imaj\u0131n\u0131 geli\u015ftirmek istedi\u011finizde, siznle birlikte markan\u0131z\u0131n gereklilikleri do\u011frultusunda bir kurumsal kimlik olu\u015fturarak, logo tasar\u0131m\u0131, web sitesi, sosyal medya gibi konularda marka imaj\u0131n\u0131z\u0131n olu\u015fumuna ve geli\u015fimine katk\u0131 sa\u011fl\u0131yorum.\n\nMarkan\u0131z\u0131n kurumsal kimlik \u00f6\u011felerini istedi\u011finiz formatta olu\u015fturup bask\u0131 s\u00fcre\u00e7lerini takip ediyor ve tamamen haz\u0131r bir \u015fekilde teslim ediyorum.<\/p>\n\n\n<\/div>\n<\/div>\n<\/div>\n\n\n\n<div class=\"wp-block-columns is-layout-flex wp-container-core-columns-is-layout-9d6595d7 wp-block-columns-is-layout-flex\">\n<div class=\"wp-block-column is-layout-flow wp-block-column-is-layout-flow\">\n<div style=\"border-top: 1px solid black ;\">  <\/div>\n<\/div>\n<\/div>\n\n\n\n<div class=\"wp-block-columns is-layout-flex wp-container-core-columns-is-layout-9d6595d7 wp-block-columns-is-layout-flex\">\n<div class=\"wp-block-column is-layout-flow wp-block-column-is-layout-flow\"><\/div>\n\n\n\n<div class=\"wp-block-column is-layout-flow wp-block-column-is-layout-flow\">\n<div>  \n\n<div class= \"button-center\" style=\"margin-top:10px; display:block !important: margin-left:auto !important; margin-right: auto !important;\">\n\n<a style=\"text-decoration: none;\" href=\"mailto:mail@ozanguneykula.com\">\n<button class=\"btn btn-primary\" style=\"background: #f88a32; border: none;\" type=\"button\"> <i class=\"fa fa-envelope my-float\" aria-hidden=\"true\"><\/i> Mail <\/button><\/a>\n\n&nbsp;\n<!--\n<a style=\"text-decoration: none;\" href=\"https:\/\/api.whatsapp.com\/send?phone=5454773230&amp;text=\" target=\"_blank\" rel=\"noopener\">\n\n<button class=\"btn btn-primary\" style=\"background: #379046; border: none;\" type=\"button\">\n<i class=\"fa fa-whatsapp my-float\" aria-hidden=\"true\"><\/i>\nWhatsApp<\/button>\n<\/a> -->\n\n <\/div>\n\n<\/div>\n<\/div>\n\n\n\n<div class=\"wp-block-column is-layout-flow wp-block-column-is-layout-flow\"><\/div>\n<\/div>\n","protected":false},"excerpt":{"rendered":"<p>SOSYAL MEDYADA YER\u0130N\u0130Z\u0130 ALIN \u00dcr\u00fcnlerinizi Geni\u015f Kitlelere Duyurun \u0130\u015eLETMEN\u0130Z\u0130N WEB S\u0130TES\u0130 OLSUN \u00c7a\u011f\u0131n Gerisinde Kalmay\u0131n KURUMSAL K\u0130ML\u0130\u011e\u0130N\u0130Z VE LOGONUZLA Ak\u0131lda Kal\u0131c\u0131 Olun<\/p>\n","protected":false},"author":1,"featured_media":0,"parent":0,"menu_order":0,"comment_status":"closed","ping_status":"closed","template":"","meta":{"om_disable_all_campaigns":false,"_uag_custom_page_level_css":"","_monsterinsights_skip_tracking":false,"_monsterinsights_sitenote_active":false,"_monsterinsights_sitenote_note":"","_monsterinsights_sitenote_category":0,"_uf_show_specific_survey":0,"_uf_disable_surveys":false,"pgc_sgb_lightbox_settings":"","footnotes":""},"class_list":["post-2703","page","type-page","status-publish"],"aioseo_notices":[],"uagb_featured_image_src":{"full":false,"thumbnail":false,"medium":false,"medium_large":false,"large":false,"1536x1536":false,"2048x2048":false,"a13_navigation_image_size":false},"uagb_author_info":{"display_name":"OzanGuneyKula","author_link":"https:\/\/ozanguneykula.com\/?author=1"},"uagb_comment_info":0,"uagb_excerpt":"SOSYAL MEDYADA YER\u0130N\u0130Z\u0130 ALIN \u00dcr\u00fcnlerinizi Geni\u015f Kitlelere Duyurun \u0130\u015eLETMEN\u0130Z\u0130N WEB S\u0130TES\u0130 OLSUN \u00c7a\u011f\u0131n Gerisinde Kalmay\u0131n KURUMSAL K\u0130ML\u0130\u011e\u0130N\u0130Z VE LOGONUZLA Ak\u0131lda Kal\u0131c\u0131 Olun","rttpg_featured_image_url":null,"rttpg_author":{"display_name":"OzanGuneyKula","author_link":"https:\/\/ozanguneykula.com\/?author=1"},"rttpg_comment":0,"rttpg_category":null,"rttpg_excerpt":"SOSYAL MEDYADA YER\u0130N\u0130Z\u0130 ALIN \u00dcr\u00fcnlerinizi Geni\u015f Kitlelere Duyurun \u0130\u015eLETMEN\u0130Z\u0130N WEB S\u0130TES\u0130 OLSUN \u00c7a\u011f\u0131n Gerisinde Kalmay\u0131n KURUMSAL K\u0130ML\u0130\u011e\u0130N\u0130Z VE LOGONUZLA Ak\u0131lda Kal\u0131c\u0131 Olun","_links":{"self":[{"href":"https:\/\/ozanguneykula.com\/index.php?rest_route=\/wp\/v2\/pages\/2703","targetHints":{"allow":["GET"]}}],"collection":[{"href":"https:\/\/ozanguneykula.com\/index.php?rest_route=\/wp\/v2\/pages"}],"about":[{"href":"https:\/\/ozanguneykula.com\/index.php?rest_route=\/wp\/v2\/types\/page"}],"author":[{"embeddable":true,"href":"https:\/\/ozanguneykula.com\/index.php?rest_route=\/wp\/v2\/users\/1"}],"replies":[{"embeddable":true,"href":"https:\/\/ozanguneykula.com\/index.php?rest_route=%2Fwp%2Fv2%2Fcomments&post=2703"}],"version-history":[{"count":101,"href":"https:\/\/ozanguneykula.com\/index.php?rest_route=\/wp\/v2\/pages\/2703\/revisions"}],"predecessor-version":[{"id":4156,"href":"https:\/\/ozanguneykula.com\/index.php?rest_route=\/wp\/v2\/pages\/2703\/revisions\/4156"}],"wp:attachment":[{"href":"https:\/\/ozanguneykula.com\/index.php?rest_route=%2Fwp%2Fv2%2Fmedia&parent=2703"}],"curies":[{"name":"wp","href":"https:\/\/api.w.org\/{rel}","templated":true}]}}